the units digit of 393748935?
5
What is the thousands digit of 1691636546?
6
What is the millions digit of 112242686?
2
What is the hundred thousands digit of 7460573?
4
What is the thousands digit of 709177331?
7
What is the hundred millions digit of 435800009?
4
What is the hundreds digit of 7248552222?
2
What is the millions digit of 521753409?
1
What is the ten thousands digit of 29404523?
0
What is the hundred thousands digit of 780162305?
1
What is the thousands digit of 155821064?
1
What is the units digit of 26652081?
1
What is the ten thousands digit of 192874549?
7
What is the ten millions digit of 387114184?
8
What is the units digit of 474198258?
8
What is the units digit of 375023123?
3
What is the thousands digit of 657730422?
0
What is the ten thousands digit of 1454393155?
9
What is the hundred millions digit of 140317116?
1
What is the hundreds digit of 883885854?
8
What is the billions digit of 3302695358?
3
What is the ten thousands digit of 10534360?
3
What is the hundreds digit of 4779056324?
3
What is the tens digit of 82641565?
6
What is the hundreds digit of 4682151152?
1
What is the hundred thousands digit of 116458528?
4
What is the units digit of 205273463?
3
What is the thousands digit of 7387713855?
3
What is the ten thousands digit of 84541047?
4
What is the units digit of 1211918716?
6
What is the hundreds digit of 3548379056?
0
What is the ten thousands digit of 662803198?
0
What is the thousands digit of 20358343?
8
What is the hundred thousands digit of 2099234134?
2
What is the ten thousands digit of 695667094?
6
What is the hundred thousands digit of 93926542?
9
What is the hundreds digit of 21891485?
4
What is the thousands digit of 40069663?
9
What is the ten millions digit of 13540638?
1
What is the ten millions digit of 40931296?
4
What is the units digit of 156345867?
7
What is the units digit of 8976211?
1
What is the hundred thousands digit of 48822655?
8
What is the units digit of 78752335?
5
What is the tens digit of 4302718096?
9
What is the ten thousands digit of 1897405620?
0
What is the hundred millions digit of 1265279100?
2
What is the ten millions digit of 353279791?
5
What is the ten thousands digit of 611743388?
4
What is the ten millions digit of 196115258?
9
What is the units digit of 283358206?
6
What is the thousands digit of 1175722212?
2
What is the ten millions digit of 67735076?
6
What is the tens digit of 57172336?
3
What is the hundreds digit of 57670345?
3
What is the ten thousands digit of 1106865836?
6
What is the millions digit of 50712672?
0
What is the billions digit of 4918133431?
4
What is the ten millions digit of 935947966?
3
What is the millions digit of 52704805?
2
What is the billions digit of 2341479173?
2
What is the tens digit of 157151148?
4
What is the hundreds digit of 22097747?
7
What is the hundreds digit of 2136855682?
6
What is the ten thousands digit of 1779048720?
4
What is the millions digit of 47371270?
7
What is the tens digit of 533545938?
3
What is the hundred thousands digit of 8109109?
1
What is the hundreds digit of 29105799?
7
What is the tens digit of 177298781?
8
What is the hundreds digit of 18436113?
1
What is the hundred thousands digit of 173590651?
5
What is the millions digit of 119447501?
9
What is the ten millions digit of 1910921877?
1
What is the millions digit of 382271631?
2
What is the hundreds digit of 28711456?
4
What is the thousands digit of 5372740989?
0
What is the millions digit of 576152656?
6
What is the ten thousands digit of 13538013?
3
What is the thousands digit of 11384664?
4
What is the ten thousands digit of 4840735?
4
What is the thousands digit of 1297455305?
5
What is the ten thousands digit of 1674358939?
5
What is the thousands digit of 503232333?
2
What is the hundred millions digit of 209671905?
2
What is the units digit of 112587608?
8
What is the units digit of 939975121?
1
What is the thousands digit of 35827633?
7
What is the units digit of 236990311?
1
What is the thousands digit of 231833550?
3
What is the tens digit of 996068274?
7
What is the thousands digit of 61095919?
5
What is the hundred thousands digit of 590402781?
4
What is the ten thousands digit of 77998412?
9
What is the ten thousands digit of 4586517017?
1
What is the ten thousands digit of 157861161?
6
What is the units digit of 378493260?
0
What is the thousands digit of 716327762?
7
What is the hundreds digit of 6572062985?
9
What is the tens digit of 736621654?
5
What is the hundreds digit of 358187206?
2
What is the millions digit of 61744808?
1
What is the billions digit of 2152990417?
2
What is the thousands digit of 60712666?
2
What is the millions digit of 394456019?
4
What is the units digit of 296669483?
3
What is the hundreds digit of 960288456?
4
What is the hundreds digit of 277838377?
3
What is the hundreds digit of 24157835?
8
What is the units digit of 299225632?
2
What is the tens digit of 1221485063?
6
What is the hundred thousands digit of 29957396?
9
What is the hundred thousands digit of 264182554?
1
What is the hundred millions digit of 420265565?
4
What is the ten thousands digit of 1083686?
8
What is the hundreds digit of 1897514619?
6
What is the ten thousands digit of 1141551982?
5
What is the ten thousands digit of 1238229915?
2
What is the tens digit of 4570814046?
4
What is the ten thousands digit of 12719200?
1
What is the hundred millions digit of 786978105?
7
What is the hundreds digit of 293279045?
0
What is the tens digit of 182410844?
4
What is the millions digit of 272136111?
2
What is the ten thousands digit of 749004889?
0
What is the hundreds digit of 5019513163?
1
What is the millions digit of 865746616?
5
What is the ten thousands digit of 4540018473?
1
What is the ten millions digit of 115443347?
1
What is the hundred millions digit of 613215542?
6
What is the hundred thousands digit of 179656062?
6
What is the ten millions digit of 50268198?
5
What is the ten thousands digit of 423890644?
9
What is the ten thousands digit of 36795511?
9
What is the hundred thousands digit of 33070650?
0
What is the ten thousands digit of 22165715?
6
What is the ten thousands digit of 1222570950?
7
What is the hundreds digit of 47443171?
1
What is the millions digit of 204168891?
4
What is the ten millions digit of 23743297?
2
What is the hundred millions digit of 296035774?
2
What is the units digit of 22414884?
4
What is the units digit of 167972550?
0
What is the tens digit of 959859192?
9
What is the hundred millions digit of 471529790?
4
What is the hundred thousands digit of 3876491404?
4
What is the hundreds digit of 34932088?
0
What is the ten thousands digit of 78638687?
3
What is the hundred thousands digit of 3347429962?
4
What is the hundreds digit of 2712391554?
5
What is the hundreds digit of 857221806?
8
What is the ten millions digit of 59359198?
5
What is the thousands digit of 395143778?
3
What is the tens digit of 27477187?
8
What is the hundred thousands digit of 1311529573?
5
What is the hundreds digit of 578330338?
3
What is the millions digit of 356621999?
6
What is the ten millions digit of 191513114?
9
What is the ten thousands digit of 176984391?
8
What is the thousands digit of 13289694?
9
What is the ten thousands digit of 477431992?
3
What is the hundreds digit of 6510794291?
2
What is the hundred millions digit of 2731407511?
7
What is the units digit of 141825242?
2
What is the ten millions digit of 23132409?
2
What is the millions digit of 3088742823?
8
What is the units digit of 1782566452?
2
What is the millions digit of 1482488627?
2
What is the billions digit of 1372558730?
1
What is the ten millions digit of 7142785080?
4
What is the thousands digit of 21000764?
0
What is the hundreds digit of 380090895?
8
What is the units digit of 276672151?
1
What is the thousands digit of 3571887622?
7
What is the units digit of 26841636?
6
What is the tens digit of 837115164?
6
What is the units digit of 125039165?
5
What is the tens digit of 15175750?
5
What is the ten millions digit of 353227045?
5
What is the hundred thousands digit of 5913794482?
7
What is the tens digit of 269508404?
0
What is the billions digit of 1189065360?
1
What is the ten millions digit of 228098680?
2
What 